{"id":52371,"date":"2025-12-07T07:00:25","date_gmt":"2025-12-07T06:00:25","guid":{"rendered":"https:\/\/www.iena.ch\/?post_type=workshops&#038;p=52371"},"modified":"2026-01-05T13:15:23","modified_gmt":"2026-01-05T12:15:23","slug":"27-juin-2026-workshop-n6","status":"publish","type":"workshops","link":"https:\/\/www.iena.ch\/de\/workshops\/27-juin-2026-workshop-n6\/","title":{"rendered":"27. Juni 2026 WORKSHOP Nr. 6"},"content":{"rendered":"<p><strong>Trail-Strecken\u00a0<\/strong><\/p>\n<p>Ein Vormittag, an dem zu Fu\u00df oder geritten auf einem Trailparcours gearbeitet wird, f\u00fcr eine Einf\u00fchrung oder eine Perfektionierung, geleitet von Val\u00e9rie Simoes von Equi-logique.<br \/>\nDie Teilnahme an diesem Vormittag ist eine gute Gelegenheit, unsere neuen Trail-Hindernisse zu testen, die bei unserem letzten Workshop f\u00fcr Outdoor-Reiter eingef\u00fchrt wurden.<br \/>\nDie Arbeit wird auf die Mensch-Pferd-Kommunikation zugreifen, mit dem Ziel, die verschiedenen Hindernisse in Ruhe und Sicherheit des Reiter-Pferd-Paares zu \u00fcberwinden.<\/p>\n<p>Am Vormittag werden mehrere Gruppen von Pferden organisiert. Die Teilnahme am Workshop als Teilnehmer gibt Ihnen das Recht, die Infrastruktur f\u00fcr den Rest des Tages je nach Verf\u00fcgbarkeit zu nutzen (Ausreit- und Galopprennbahn Nr. 4, Springpaddocks, Dressurvierecke, Military Garden, Reitpl\u00e4tze).<\/p>\n<p>Stunden: 8.30-12.30 Uhr<\/p>\n<p>Anmeldungen (Teilnehmer und Zuh\u00f6rer) offen <strong>bis zum 7. Juni<\/strong> im Rahmen der verf\u00fcgbaren Pl\u00e4tze!<br \/>\nTarife: 30.-CHF pro Pferd; f\u00fcr Zuh\u00f6rer kostenlos<\/p>\n<p>Nur auf Franz\u00f6sisch<\/p>","protected":false},"featured_media":52369,"template":"","class_list":["post-52371","workshops","type-workshops","status-publish","has-post-thumbnail","hentry"],"acf":[],"yoast_head":"<!-- This site is optimized with the Yoast SEO plugin v27.4 - https:\/\/yoast.com\/product\/yoast-seo-wordpress\/ -->\n<title>27 juin 2026 WORKSHOP N\u00b06 - IENA<\/title>\n<meta name=\"robots\" content=\"index, follow, max-snippet:-1, max-image-preview:large, max-video-preview:-1\" \/>\n<link rel=\"canonical\" href=\"https:\/\/www.iena.ch\/de\/workshops\/27-juin-2026-workshop-n6\/\" \/>\n<meta property=\"og:locale\" content=\"de_DE\" \/>\n<meta property=\"og:type\" content=\"article\" \/>\n<meta property=\"og:title\" content=\"27 juin 2026 WORKSHOP N\u00b06 - IENA\" \/>\n<meta property=\"og:description\" content=\"Parcours de trail\u00a0 Une matin\u00e9e de travail \u00e0 pied ou mont\u00e9 sur un parcours de trail, pour une initiation ou un perfectionnement, anim\u00e9e par Val\u00e9rie Simoes de Equi-logique. Participer \u00e0 cette matin\u00e9e, c\u2019est l\u2019occasion de tester nos nouveaux obstacles de trail, inaugur\u00e9s lors de notre pr\u00e9c\u00e9dent workshop pour les cavaliers d\u2019ext\u00e9rieurs. Le travail sera acc\u00e8s [&hellip;]\" \/>\n<meta property=\"og:url\" content=\"https:\/\/www.iena.ch\/de\/workshops\/27-juin-2026-workshop-n6\/\" \/>\n<meta property=\"og:site_name\" content=\"IENA\" \/>\n<meta property=\"article:publisher\" content=\"https:\/\/www.facebook.com\/iena.avenches\/?locale=fr_FR\" \/>\n<meta property=\"article:modified_time\" content=\"2026-01-05T12:15:23+00:00\" \/>\n<meta property=\"og:image\" content=\"https:\/\/www.iena.ch\/wp-content\/uploads\/2025\/12\/branches-surelevees-recadree.jpg\" \/>\n\t<meta property=\"og:image:width\" content=\"1678\" \/>\n\t<meta property=\"og:image:height\" content=\"1081\" \/>\n\t<meta property=\"og:image:type\" content=\"image\/jpeg\" \/>\n<meta name=\"twitter:card\" content=\"summary_large_image\" \/>\n<meta name=\"twitter:site\" content=\"@iena_avenches\" \/>\n<meta name=\"twitter:label1\" content=\"Gesch\u00e4tzte Lesezeit\" \/>\n\t<meta name=\"twitter:data1\" content=\"1\u00a0Minute\" \/>\n<script type=\"application\/ld+json\" class=\"yoast-schema-graph\">{\"@context\":\"https:\\\/\\\/schema.org\",\"@graph\":[{\"@type\":\"WebPage\",\"@id\":\"https:\\\/\\\/www.iena.ch\\\/workshops\\\/27-juin-2026-workshop-n6\\\/\",\"url\":\"https:\\\/\\\/www.iena.ch\\\/workshops\\\/27-juin-2026-workshop-n6\\\/\",\"name\":\"27 juin 2026 WORKSHOP N\u00b06 - IENA\",\"isPartOf\":{\"@id\":\"https:\\\/\\\/www.iena.ch\\\/#website\"},\"primaryImageOfPage\":{\"@id\":\"https:\\\/\\\/www.iena.ch\\\/workshops\\\/27-juin-2026-workshop-n6\\\/#primaryimage\"},\"image\":{\"@id\":\"https:\\\/\\\/www.iena.ch\\\/workshops\\\/27-juin-2026-workshop-n6\\\/#primaryimage\"},\"thumbnailUrl\":\"https:\\\/\\\/www.iena.ch\\\/wp-content\\\/uploads\\\/2025\\\/12\\\/branches-surelevees-recadree.jpg\",\"datePublished\":\"2025-12-07T06:00:25+00:00\",\"dateModified\":\"2026-01-05T12:15:23+00:00\",\"breadcrumb\":{\"@id\":\"https:\\\/\\\/www.iena.ch\\\/workshops\\\/27-juin-2026-workshop-n6\\\/#breadcrumb\"},\"inLanguage\":\"de\",\"potentialAction\":[{\"@type\":\"ReadAction\",\"target\":[\"https:\\\/\\\/www.iena.ch\\\/workshops\\\/27-juin-2026-workshop-n6\\\/\"]}]},{\"@type\":\"ImageObject\",\"inLanguage\":\"de\",\"@id\":\"https:\\\/\\\/www.iena.ch\\\/workshops\\\/27-juin-2026-workshop-n6\\\/#primaryimage\",\"url\":\"https:\\\/\\\/www.iena.ch\\\/wp-content\\\/uploads\\\/2025\\\/12\\\/branches-surelevees-recadree.jpg\",\"contentUrl\":\"https:\\\/\\\/www.iena.ch\\\/wp-content\\\/uploads\\\/2025\\\/12\\\/branches-surelevees-recadree.jpg\",\"width\":1678,\"height\":1081},{\"@type\":\"BreadcrumbList\",\"@id\":\"https:\\\/\\\/www.iena.ch\\\/workshops\\\/27-juin-2026-workshop-n6\\\/#breadcrumb\",\"itemListElement\":[{\"@type\":\"ListItem\",\"position\":1,\"name\":\"Accueil\",\"item\":\"https:\\\/\\\/www.iena.ch\\\/\"},{\"@type\":\"ListItem\",\"position\":2,\"name\":\"27 juin 2026 WORKSHOP N\u00b06\"}]},{\"@type\":\"WebSite\",\"@id\":\"https:\\\/\\\/www.iena.ch\\\/#website\",\"url\":\"https:\\\/\\\/www.iena.ch\\\/\",\"name\":\"IENA\",\"description\":\"Institut \u00c9questre National d&#039;Avenches\",\"publisher\":{\"@id\":\"https:\\\/\\\/www.iena.ch\\\/#organization\"},\"potentialAction\":[{\"@type\":\"SearchAction\",\"target\":{\"@type\":\"EntryPoint\",\"urlTemplate\":\"https:\\\/\\\/www.iena.ch\\\/?s={search_term_string}\"},\"query-input\":{\"@type\":\"PropertyValueSpecification\",\"valueRequired\":true,\"valueName\":\"search_term_string\"}}],\"inLanguage\":\"de\"},{\"@type\":\"Organization\",\"@id\":\"https:\\\/\\\/www.iena.ch\\\/#organization\",\"name\":\"IENA\",\"url\":\"https:\\\/\\\/www.iena.ch\\\/\",\"logo\":{\"@type\":\"ImageObject\",\"inLanguage\":\"de\",\"@id\":\"https:\\\/\\\/www.iena.ch\\\/#\\\/schema\\\/logo\\\/image\\\/\",\"url\":\"https:\\\/\\\/www.iena.ch\\\/wp-content\\\/uploads\\\/2023\\\/08\\\/logo-green.png\",\"contentUrl\":\"https:\\\/\\\/www.iena.ch\\\/wp-content\\\/uploads\\\/2023\\\/08\\\/logo-green.png\",\"width\":140,\"height\":78,\"caption\":\"IENA\"},\"image\":{\"@id\":\"https:\\\/\\\/www.iena.ch\\\/#\\\/schema\\\/logo\\\/image\\\/\"},\"sameAs\":[\"https:\\\/\\\/www.facebook.com\\\/iena.avenches\\\/?locale=fr_FR\",\"https:\\\/\\\/x.com\\\/iena_avenches\",\"https:\\\/\\\/www.instagram.com\\\/iena.avenches\\\/\"]}]}<\/script>\n<!-- \/ Yoast SEO plugin. -->","yoast_head_json":{"title":"27 juin 2026 WORKSHOP N\u00b06 - IENA","robots":{"index":"index","follow":"follow","max-snippet":"max-snippet:-1","max-image-preview":"max-image-preview:large","max-video-preview":"max-video-preview:-1"},"canonical":"https:\/\/www.iena.ch\/de\/workshops\/27-juin-2026-workshop-n6\/","og_locale":"de_DE","og_type":"article","og_title":"27 juin 2026 WORKSHOP N\u00b06 - IENA","og_description":"Parcours de trail\u00a0 Une matin\u00e9e de travail \u00e0 pied ou mont\u00e9 sur un parcours de trail, pour une initiation ou un perfectionnement, anim\u00e9e par Val\u00e9rie Simoes de Equi-logique. Participer \u00e0 cette matin\u00e9e, c\u2019est l\u2019occasion de tester nos nouveaux obstacles de trail, inaugur\u00e9s lors de notre pr\u00e9c\u00e9dent workshop pour les cavaliers d\u2019ext\u00e9rieurs. Le travail sera acc\u00e8s [&hellip;]","og_url":"https:\/\/www.iena.ch\/de\/workshops\/27-juin-2026-workshop-n6\/","og_site_name":"IENA","article_publisher":"https:\/\/www.facebook.com\/iena.avenches\/?locale=fr_FR","article_modified_time":"2026-01-05T12:15:23+00:00","og_image":[{"width":1678,"height":1081,"url":"https:\/\/www.iena.ch\/wp-content\/uploads\/2025\/12\/branches-surelevees-recadree.jpg","type":"image\/jpeg"}],"twitter_card":"summary_large_image","twitter_site":"@iena_avenches","twitter_misc":{"Gesch\u00e4tzte Lesezeit":"1\u00a0Minute"},"schema":{"@context":"https:\/\/schema.org","@graph":[{"@type":"WebPage","@id":"https:\/\/www.iena.ch\/workshops\/27-juin-2026-workshop-n6\/","url":"https:\/\/www.iena.ch\/workshops\/27-juin-2026-workshop-n6\/","name":"27 juin 2026 WORKSHOP N\u00b06 - IENA","isPartOf":{"@id":"https:\/\/www.iena.ch\/#website"},"primaryImageOfPage":{"@id":"https:\/\/www.iena.ch\/workshops\/27-juin-2026-workshop-n6\/#primaryimage"},"image":{"@id":"https:\/\/www.iena.ch\/workshops\/27-juin-2026-workshop-n6\/#primaryimage"},"thumbnailUrl":"https:\/\/www.iena.ch\/wp-content\/uploads\/2025\/12\/branches-surelevees-recadree.jpg","datePublished":"2025-12-07T06:00:25+00:00","dateModified":"2026-01-05T12:15:23+00:00","breadcrumb":{"@id":"https:\/\/www.iena.ch\/workshops\/27-juin-2026-workshop-n6\/#breadcrumb"},"inLanguage":"de","potentialAction":[{"@type":"ReadAction","target":["https:\/\/www.iena.ch\/workshops\/27-juin-2026-workshop-n6\/"]}]},{"@type":"ImageObject","inLanguage":"de","@id":"https:\/\/www.iena.ch\/workshops\/27-juin-2026-workshop-n6\/#primaryimage","url":"https:\/\/www.iena.ch\/wp-content\/uploads\/2025\/12\/branches-surelevees-recadree.jpg","contentUrl":"https:\/\/www.iena.ch\/wp-content\/uploads\/2025\/12\/branches-surelevees-recadree.jpg","width":1678,"height":1081},{"@type":"BreadcrumbList","@id":"https:\/\/www.iena.ch\/workshops\/27-juin-2026-workshop-n6\/#breadcrumb","itemListElement":[{"@type":"ListItem","position":1,"name":"Accueil","item":"https:\/\/www.iena.ch\/"},{"@type":"ListItem","position":2,"name":"27 juin 2026 WORKSHOP N\u00b06"}]},{"@type":"WebSite","@id":"https:\/\/www.iena.ch\/#website","url":"https:\/\/www.iena.ch\/","name":"IENA","description":"Institut \u00c9questre National d&#039;Avenches","publisher":{"@id":"https:\/\/www.iena.ch\/#organization"},"potentialAction":[{"@type":"SearchAction","target":{"@type":"EntryPoint","urlTemplate":"https:\/\/www.iena.ch\/?s={search_term_string}"},"query-input":{"@type":"PropertyValueSpecification","valueRequired":true,"valueName":"search_term_string"}}],"inLanguage":"de"},{"@type":"Organization","@id":"https:\/\/www.iena.ch\/#organization","name":"IENA","url":"https:\/\/www.iena.ch\/","logo":{"@type":"ImageObject","inLanguage":"de","@id":"https:\/\/www.iena.ch\/#\/schema\/logo\/image\/","url":"https:\/\/www.iena.ch\/wp-content\/uploads\/2023\/08\/logo-green.png","contentUrl":"https:\/\/www.iena.ch\/wp-content\/uploads\/2023\/08\/logo-green.png","width":140,"height":78,"caption":"IENA"},"image":{"@id":"https:\/\/www.iena.ch\/#\/schema\/logo\/image\/"},"sameAs":["https:\/\/www.facebook.com\/iena.avenches\/?locale=fr_FR","https:\/\/x.com\/iena_avenches","https:\/\/www.instagram.com\/iena.avenches\/"]}]}},"_links":{"self":[{"href":"https:\/\/www.iena.ch\/de\/wp-json\/wp\/v2\/workshops\/52371","targetHints":{"allow":["GET"]}}],"collection":[{"href":"https:\/\/www.iena.ch\/de\/wp-json\/wp\/v2\/workshops"}],"about":[{"href":"https:\/\/www.iena.ch\/de\/wp-json\/wp\/v2\/types\/workshops"}],"wp:featuredmedia":[{"embeddable":true,"href":"https:\/\/www.iena.ch\/de\/wp-json\/wp\/v2\/media\/52369"}],"wp:attachment":[{"href":"https:\/\/www.iena.ch\/de\/wp-json\/wp\/v2\/media?parent=52371"}],"curies":[{"name":"wp","href":"https:\/\/api.w.org\/{rel}","templated":true}]}}

<p><strong>Trail-Strecken </strong></p>
<p>Ein Vormittag, an dem zu Fuß oder geritten auf einem Trailparcours gearbeitet wird, für eine Einführung oder eine Perfektionierung, geleitet von Valérie Simoes von Equi-logique.<br />
Die Teilnahme an diesem Vormittag ist eine gute Gelegenheit, unsere neuen Trail-Hindernisse zu testen, die bei unserem letzten Workshop für Outdoor-Reiter eingeführt wurden.<br />
Die Arbeit wird auf die Mensch-Pferd-Kommunikation zugreifen, mit dem Ziel, die verschiedenen Hindernisse in Ruhe und Sicherheit des Reiter-Pferd-Paares zu überwinden.</p>
<p>Am Vormittag werden mehrere Gruppen von Pferden organisiert. Die Teilnahme am Workshop als Teilnehmer gibt Ihnen das Recht, die Infrastruktur für den Rest des Tages je nach Verfügbarkeit zu nutzen (Ausreit- und Galopprennbahn Nr. 4, Springpaddocks, Dressurvierecke, Military Garden, Reitplätze).</p>
<p>Stunden: 8.30-12.30 Uhr</p>
<p>Anmeldungen (Teilnehmer und Zuhörer) offen <strong>bis zum 7. Juni</strong> im Rahmen der verfügbaren Plätze!<br />
Tarife: 30.-CHF pro Pferd; für Zuhörer kostenlos</p>
<p>Nur auf Französisch</p>

<!-- This site is optimized with the Yoast SEO plugin v27.4 - https://yoast.com/product/yoast-seo-wordpress/ -->
<title>27 juin 2026 WORKSHOP N°6 - IENA</title>
<meta name="robots" content="index, follow, max-snippet:-1, max-image-preview:large, max-video-preview:-1" />
<link rel="canonical" href="https://www.iena.ch/de/workshops/27-juin-2026-workshop-n6/" />
<meta property="og:locale" content="de_DE" />
<meta property="og:type" content="article" />
<meta property="og:title" content="27 juin 2026 WORKSHOP N°6 - IENA" />
<meta property="og:description" content="Parcours de trail  Une matinée de travail à pied ou monté sur un parcours de trail, pour une initiation ou un perfectionnement, animée par Valérie Simoes de Equi-logique. Participer à cette matinée, c’est l’occasion de tester nos nouveaux obstacles de trail, inaugurés lors de notre précédent workshop pour les cavaliers d’extérieurs. Le travail sera accès [&hellip;]" />
<meta property="og:url" content="https://www.iena.ch/de/workshops/27-juin-2026-workshop-n6/" />
<meta property="og:site_name" content="IENA" />
<meta property="article:publisher" content="https://www.facebook.com/iena.avenches/?locale=fr_FR" />
<meta property="article:modified_time" content="2026-01-05T12:15:23+00:00" />
<meta property="og:image" content="https://www.iena.ch/wp-content/uploads/2025/12/branches-surelevees-recadree.jpg" />
	<meta property="og:image:width" content="1678" />
	<meta property="og:image:height" content="1081" />
	<meta property="og:image:type" content="image/jpeg" />
<meta name="twitter:card" content="summary_large_image" />
<meta name="twitter:site" content="@iena_avenches" />
<meta name="twitter:label1" content="Geschätzte Lesezeit" />
	<meta name="twitter:data1" content="1 Minute" />
<script type="application/ld+json" class="yoast-schema-graph">{"@context":"https:\/\/schema.org","@graph":[{"@type":"WebPage","@id":"https:\/\/www.iena.ch\/workshops\/27-juin-2026-workshop-n6\/","url":"https:\/\/www.iena.ch\/workshops\/27-juin-2026-workshop-n6\/","name":"27 juin 2026 WORKSHOP N°6 - IENA","isPartOf":{"@id":"https:\/\/www.iena.ch\/#website"},"primaryImageOfPage":{"@id":"https:\/\/www.iena.ch\/workshops\/27-juin-2026-workshop-n6\/#primaryimage"},"image":{"@id":"https:\/\/www.iena.ch\/workshops\/27-juin-2026-workshop-n6\/#primaryimage"},"thumbnailUrl":"https:\/\/www.iena.ch\/wp-content\/uploads\/2025\/12\/branches-surelevees-recadree.jpg","datePublished":"2025-12-07T06:00:25+00:00","dateModified":"2026-01-05T12:15:23+00:00","breadcrumb":{"@id":"https:\/\/www.iena.ch\/workshops\/27-juin-2026-workshop-n6\/#breadcrumb"},"inLanguage":"de","potentialAction":[{"@type":"ReadAction","target":["https:\/\/www.iena.ch\/workshops\/27-juin-2026-workshop-n6\/"]}]},{"@type":"ImageObject","inLanguage":"de","@id":"https:\/\/www.iena.ch\/workshops\/27-juin-2026-workshop-n6\/#primaryimage","url":"https:\/\/www.iena.ch\/wp-content\/uploads\/2025\/12\/branches-surelevees-recadree.jpg","contentUrl":"https:\/\/www.iena.ch\/wp-content\/uploads\/2025\/12\/branches-surelevees-recadree.jpg","width":1678,"height":1081},{"@type":"BreadcrumbList","@id":"https:\/\/www.iena.ch\/workshops\/27-juin-2026-workshop-n6\/#breadcrumb","itemListElement":[{"@type":"ListItem","position":1,"name":"Accueil","item":"https:\/\/www.iena.ch\/"},{"@type":"ListItem","position":2,"name":"27 juin 2026 WORKSHOP N°6"}]},{"@type":"WebSite","@id":"https:\/\/www.iena.ch\/#website","url":"https:\/\/www.iena.ch\/","name":"IENA","description":"Institut Équestre National d&#039;Avenches","publisher":{"@id":"https:\/\/www.iena.ch\/#organization"},"potentialAction":[{"@type":"SearchAction","target":{"@type":"EntryPoint","urlTemplate":"https:\/\/www.iena.ch\/?s={search_term_string}"},"query-input":{"@type":"PropertyValueSpecification","valueRequired":true,"valueName":"search_term_string"}}],"inLanguage":"de"},{"@type":"Organization","@id":"https:\/\/www.iena.ch\/#organization","name":"IENA","url":"https:\/\/www.iena.ch\/","logo":{"@type":"ImageObject","inLanguage":"de","@id":"https:\/\/www.iena.ch\/#\/schema\/logo\/image\/","url":"https:\/\/www.iena.ch\/wp-content\/uploads\/2023\/08\/logo-green.png","contentUrl":"https:\/\/www.iena.ch\/wp-content\/uploads\/2023\/08\/logo-green.png","width":140,"height":78,"caption":"IENA"},"image":{"@id":"https:\/\/www.iena.ch\/#\/schema\/logo\/image\/"},"sameAs":["https:\/\/www.facebook.com\/iena.avenches\/?locale=fr_FR","https:\/\/x.com\/iena_avenches","https:\/\/www.instagram.com\/iena.avenches\/"]}]}</script>
<!-- / Yoast SEO plugin. -->

Parcours de trail  Une matinée de travail à pied ou monté sur un parcours de trail, pour une initiation ou un perfectionnement, animée par Valérie Simoes de Equi-logique. Participer à cette matinée, c’est l’occasion de tester nos nouveaux obstacles de trail, inaugurés lors de notre précédent workshop pour les cavaliers d’extérieurs. Le travail sera accès [&hellip;]

Institut Équestre National d&#039;Avenches
