{"id":52272,"date":"2025-11-26T09:06:56","date_gmt":"2025-11-26T08:06:56","guid":{"rendered":"https:\/\/www.iena.ch\/?post_type=mec-events&#038;p=52272"},"modified":"2026-01-06T11:26:10","modified_gmt":"2026-01-06T10:26:10","slug":"entrainement-saut-25-01-26","status":"publish","type":"mec-events","link":"https:\/\/www.iena.ch\/de\/events\/entrainement-saut-25-01-26\/","title":{"rendered":"Training f\u00fcr Indoor-Springen - 25. Januar 2026"},"content":{"rendered":"<p><span class=\"small ng-binding ng-scope\">Grad I 60\u201370 cm, Grad II 80\u201390 cm, Grad III 100\u2013120 cm.<\/span><\/p>\n<p>Der Preis betr\u00e4gt CHF 25.- pro Runde. Um eine gute Organisation in einer freundlichen und angenehmen Atmosph\u00e4re zu gew\u00e4hrleisten, wird eine Voranmeldung per E-Mail empfohlen an<br \/>\n<a href=\"mailto:Smile-jump@hotmail.com\">Smile-jump@hotmail.com<\/a><br \/>\nAnmeldung vor Ort CHF 30.-; wird im Rahmen der verf\u00fcgbaren Pl\u00e4tze hinzugef\u00fcgt.<\/p>\n<p>Reservieren Sie sich schon jetzt das Datum und wenden Sie sich f\u00fcr weitere Informationen an Martial Perrin (079 239 02 83).<\/p>\n<p>&nbsp;<\/p>","protected":false},"excerpt":{"rendered":"<p>Degr\u00e9s I 60-70cm, degr\u00e9s II 80-90cm, degr\u00e9s III 100-120 cm. Le tarif est de CHF 25.- par parcours. Pour assurer une bonne organisation dans une ambiance conviviale et agr\u00e9able, une pr\u00e9inscription est recommand\u00e9e par courriel \u00e0 Smile-jump@hotmail.com Inscription sur place CHF 30.-; sera ajout\u00e9e dans la limite disponible. R\u00e9servez d&rsquo;ores et d\u00e9j\u00e0 la date et [&hellip;]<\/p>\n","protected":false},"author":1,"featured_media":33156,"template":"","tags":[],"mec_category":[3],"class_list":["post-52272","mec-events","type-mec-events","status-publish","has-post-thumbnail","hentry","mec_category-trainings"],"acf":[],"yoast_head":"<!-- This site is optimized with the Yoast SEO plugin v27.5 - https:\/\/yoast.com\/product\/yoast-seo-wordpress\/ -->\n<title>Entra\u00eenement de saut indoor - 25 janvier 2026 - IENA<\/title>\n<meta name=\"robots\" content=\"index, follow, max-snippet:-1, max-image-preview:large, max-video-preview:-1\" \/>\n<link rel=\"canonical\" href=\"https:\/\/www.iena.ch\/de\/events\/entrainement-saut-25-01-26\/\" \/>\n<meta property=\"og:locale\" content=\"de_DE\" \/>\n<meta property=\"og:type\" content=\"article\" \/>\n<meta property=\"og:title\" content=\"Entra\u00eenement de saut indoor - 25 janvier 2026 - IENA\" \/>\n<meta property=\"og:description\" content=\"Degr\u00e9s I 60-70cm, degr\u00e9s II 80-90cm, degr\u00e9s III 100-120 cm. Le tarif est de CHF 25.- par parcours. Pour assurer une bonne organisation dans une ambiance conviviale et agr\u00e9able, une pr\u00e9inscription est recommand\u00e9e par courriel \u00e0 Smile-jump@hotmail.com Inscription sur place CHF 30.-; sera ajout\u00e9e dans la limite disponible. R\u00e9servez d&rsquo;ores et d\u00e9j\u00e0 la date et [&hellip;]\" \/>\n<meta property=\"og:url\" content=\"https:\/\/www.iena.ch\/de\/events\/entrainement-saut-25-01-26\/\" \/>\n<meta property=\"og:site_name\" content=\"IENA\" \/>\n<meta property=\"article:publisher\" content=\"https:\/\/www.facebook.com\/iena.avenches\/?locale=fr_FR\" \/>\n<meta property=\"article:modified_time\" content=\"2026-01-06T10:26:10+00:00\" \/>\n<meta name=\"twitter:card\" content=\"summary_large_image\" \/>\n<meta name=\"twitter:site\" content=\"@iena_avenches\" \/>\n<meta name=\"twitter:label1\" content=\"Gesch\u00e4tzte Lesezeit\" \/>\n\t<meta name=\"twitter:data1\" content=\"1\u00a0Minute\" \/>\n<script type=\"application\/ld+json\" class=\"yoast-schema-graph\">{\"@context\":\"https:\\\/\\\/schema.org\",\"@graph\":[{\"@type\":\"WebPage\",\"@id\":\"https:\\\/\\\/www.iena.ch\\\/events\\\/entrainement-saut-25-01-26\\\/\",\"url\":\"https:\\\/\\\/www.iena.ch\\\/events\\\/entrainement-saut-25-01-26\\\/\",\"name\":\"Entra\u00eenement de saut indoor - 25 janvier 2026 - IENA\",\"isPartOf\":{\"@id\":\"https:\\\/\\\/www.iena.ch\\\/#website\"},\"primaryImageOfPage\":{\"@id\":\"https:\\\/\\\/www.iena.ch\\\/events\\\/entrainement-saut-25-01-26\\\/#primaryimage\"},\"image\":{\"@id\":\"https:\\\/\\\/www.iena.ch\\\/events\\\/entrainement-saut-25-01-26\\\/#primaryimage\"},\"thumbnailUrl\":\"\",\"datePublished\":\"2025-11-26T08:06:56+00:00\",\"dateModified\":\"2026-01-06T10:26:10+00:00\",\"breadcrumb\":{\"@id\":\"https:\\\/\\\/www.iena.ch\\\/events\\\/entrainement-saut-25-01-26\\\/#breadcrumb\"},\"inLanguage\":\"de\",\"potentialAction\":[{\"@type\":\"ReadAction\",\"target\":[\"https:\\\/\\\/www.iena.ch\\\/events\\\/entrainement-saut-25-01-26\\\/\"]}]},{\"@type\":\"ImageObject\",\"inLanguage\":\"de\",\"@id\":\"https:\\\/\\\/www.iena.ch\\\/events\\\/entrainement-saut-25-01-26\\\/#primaryimage\",\"url\":\"\",\"contentUrl\":\"\"},{\"@type\":\"BreadcrumbList\",\"@id\":\"https:\\\/\\\/www.iena.ch\\\/events\\\/entrainement-saut-25-01-26\\\/#breadcrumb\",\"itemListElement\":[{\"@type\":\"ListItem\",\"position\":1,\"name\":\"Accueil\",\"item\":\"https:\\\/\\\/www.iena.ch\\\/\"},{\"@type\":\"ListItem\",\"position\":2,\"name\":\"\u00c9venements\",\"item\":\"https:\\\/\\\/www.iena.ch\\\/events\\\/\"},{\"@type\":\"ListItem\",\"position\":3,\"name\":\"Entra\u00eenement de saut indoor &#8211; 25 janvier 2026\"}]},{\"@type\":\"WebSite\",\"@id\":\"https:\\\/\\\/www.iena.ch\\\/#website\",\"url\":\"https:\\\/\\\/www.iena.ch\\\/\",\"name\":\"IENA\",\"description\":\"Institut \u00c9questre National d&#039;Avenches\",\"publisher\":{\"@id\":\"https:\\\/\\\/www.iena.ch\\\/#organization\"},\"potentialAction\":[{\"@type\":\"SearchAction\",\"target\":{\"@type\":\"EntryPoint\",\"urlTemplate\":\"https:\\\/\\\/www.iena.ch\\\/?s={search_term_string}\"},\"query-input\":{\"@type\":\"PropertyValueSpecification\",\"valueRequired\":true,\"valueName\":\"search_term_string\"}}],\"inLanguage\":\"de\"},{\"@type\":\"Organization\",\"@id\":\"https:\\\/\\\/www.iena.ch\\\/#organization\",\"name\":\"IENA\",\"url\":\"https:\\\/\\\/www.iena.ch\\\/\",\"logo\":{\"@type\":\"ImageObject\",\"inLanguage\":\"de\",\"@id\":\"https:\\\/\\\/www.iena.ch\\\/#\\\/schema\\\/logo\\\/image\\\/\",\"url\":\"https:\\\/\\\/www.iena.ch\\\/wp-content\\\/uploads\\\/2023\\\/08\\\/logo-green.png\",\"contentUrl\":\"https:\\\/\\\/www.iena.ch\\\/wp-content\\\/uploads\\\/2023\\\/08\\\/logo-green.png\",\"width\":140,\"height\":78,\"caption\":\"IENA\"},\"image\":{\"@id\":\"https:\\\/\\\/www.iena.ch\\\/#\\\/schema\\\/logo\\\/image\\\/\"},\"sameAs\":[\"https:\\\/\\\/www.facebook.com\\\/iena.avenches\\\/?locale=fr_FR\",\"https:\\\/\\\/x.com\\\/iena_avenches\",\"https:\\\/\\\/www.instagram.com\\\/iena.avenches\\\/\"]}]}<\/script>\n<!-- \/ Yoast SEO plugin. -->","yoast_head_json":{"title":"Entra\u00eenement de saut indoor - 25 janvier 2026 - IENA","robots":{"index":"index","follow":"follow","max-snippet":"max-snippet:-1","max-image-preview":"max-image-preview:large","max-video-preview":"max-video-preview:-1"},"canonical":"https:\/\/www.iena.ch\/de\/events\/entrainement-saut-25-01-26\/","og_locale":"de_DE","og_type":"article","og_title":"Entra\u00eenement de saut indoor - 25 janvier 2026 - IENA","og_description":"Degr\u00e9s I 60-70cm, degr\u00e9s II 80-90cm, degr\u00e9s III 100-120 cm. Le tarif est de CHF 25.- par parcours. Pour assurer une bonne organisation dans une ambiance conviviale et agr\u00e9able, une pr\u00e9inscription est recommand\u00e9e par courriel \u00e0 Smile-jump@hotmail.com Inscription sur place CHF 30.-; sera ajout\u00e9e dans la limite disponible. R\u00e9servez d&rsquo;ores et d\u00e9j\u00e0 la date et [&hellip;]","og_url":"https:\/\/www.iena.ch\/de\/events\/entrainement-saut-25-01-26\/","og_site_name":"IENA","article_publisher":"https:\/\/www.facebook.com\/iena.avenches\/?locale=fr_FR","article_modified_time":"2026-01-06T10:26:10+00:00","twitter_card":"summary_large_image","twitter_site":"@iena_avenches","twitter_misc":{"Gesch\u00e4tzte Lesezeit":"1\u00a0Minute"},"schema":{"@context":"https:\/\/schema.org","@graph":[{"@type":"WebPage","@id":"https:\/\/www.iena.ch\/events\/entrainement-saut-25-01-26\/","url":"https:\/\/www.iena.ch\/events\/entrainement-saut-25-01-26\/","name":"Entra\u00eenement de saut indoor - 25 janvier 2026 - IENA","isPartOf":{"@id":"https:\/\/www.iena.ch\/#website"},"primaryImageOfPage":{"@id":"https:\/\/www.iena.ch\/events\/entrainement-saut-25-01-26\/#primaryimage"},"image":{"@id":"https:\/\/www.iena.ch\/events\/entrainement-saut-25-01-26\/#primaryimage"},"thumbnailUrl":"","datePublished":"2025-11-26T08:06:56+00:00","dateModified":"2026-01-06T10:26:10+00:00","breadcrumb":{"@id":"https:\/\/www.iena.ch\/events\/entrainement-saut-25-01-26\/#breadcrumb"},"inLanguage":"de","potentialAction":[{"@type":"ReadAction","target":["https:\/\/www.iena.ch\/events\/entrainement-saut-25-01-26\/"]}]},{"@type":"ImageObject","inLanguage":"de","@id":"https:\/\/www.iena.ch\/events\/entrainement-saut-25-01-26\/#primaryimage","url":"","contentUrl":""},{"@type":"BreadcrumbList","@id":"https:\/\/www.iena.ch\/events\/entrainement-saut-25-01-26\/#breadcrumb","itemListElement":[{"@type":"ListItem","position":1,"name":"Accueil","item":"https:\/\/www.iena.ch\/"},{"@type":"ListItem","position":2,"name":"\u00c9venements","item":"https:\/\/www.iena.ch\/events\/"},{"@type":"ListItem","position":3,"name":"Entra\u00eenement de saut indoor &#8211; 25 janvier 2026"}]},{"@type":"WebSite","@id":"https:\/\/www.iena.ch\/#website","url":"https:\/\/www.iena.ch\/","name":"IENA","description":"Institut \u00c9questre National d&#039;Avenches","publisher":{"@id":"https:\/\/www.iena.ch\/#organization"},"potentialAction":[{"@type":"SearchAction","target":{"@type":"EntryPoint","urlTemplate":"https:\/\/www.iena.ch\/?s={search_term_string}"},"query-input":{"@type":"PropertyValueSpecification","valueRequired":true,"valueName":"search_term_string"}}],"inLanguage":"de"},{"@type":"Organization","@id":"https:\/\/www.iena.ch\/#organization","name":"IENA","url":"https:\/\/www.iena.ch\/","logo":{"@type":"ImageObject","inLanguage":"de","@id":"https:\/\/www.iena.ch\/#\/schema\/logo\/image\/","url":"https:\/\/www.iena.ch\/wp-content\/uploads\/2023\/08\/logo-green.png","contentUrl":"https:\/\/www.iena.ch\/wp-content\/uploads\/2023\/08\/logo-green.png","width":140,"height":78,"caption":"IENA"},"image":{"@id":"https:\/\/www.iena.ch\/#\/schema\/logo\/image\/"},"sameAs":["https:\/\/www.facebook.com\/iena.avenches\/?locale=fr_FR","https:\/\/x.com\/iena_avenches","https:\/\/www.instagram.com\/iena.avenches\/"]}]}},"_links":{"self":[{"href":"https:\/\/www.iena.ch\/de\/wp-json\/wp\/v2\/mec-events\/52272","targetHints":{"allow":["GET"]}}],"collection":[{"href":"https:\/\/www.iena.ch\/de\/wp-json\/wp\/v2\/mec-events"}],"about":[{"href":"https:\/\/www.iena.ch\/de\/wp-json\/wp\/v2\/types\/mec-events"}],"author":[{"embeddable":true,"href":"https:\/\/www.iena.ch\/de\/wp-json\/wp\/v2\/users\/1"}],"wp:featuredmedia":[{"embeddable":true,"href":"https:\/\/www.iena.ch\/de\/wp-json\/"}],"wp:attachment":[{"href":"https:\/\/www.iena.ch\/de\/wp-json\/wp\/v2\/media?parent=52272"}],"wp:term":[{"taxonomy":"post_tag","embeddable":true,"href":"https:\/\/www.iena.ch\/de\/wp-json\/wp\/v2\/tags?post=52272"},{"taxonomy":"mec_category","embeddable":true,"href":"https:\/\/www.iena.ch\/de\/wp-json\/wp\/v2\/mec_category?post=52272"}],"curies":[{"name":"wp","href":"https:\/\/api.w.org\/{rel}","templated":true}]}}

Training für Indoor-Springen - 25. Januar 2026

<p><span class="small ng-binding ng-scope">Grad I 60–70 cm, Grad II 80–90 cm, Grad III 100–120 cm.</span></p>
<p>Der Preis beträgt CHF 25.- pro Runde. Um eine gute Organisation in einer freundlichen und angenehmen Atmosphäre zu gewährleisten, wird eine Voranmeldung per E-Mail empfohlen an<br />
<a href="mailto:Smile-jump@hotmail.com">Smile-jump@hotmail.com</a><br />
Anmeldung vor Ort CHF 30.-; wird im Rahmen der verfügbaren Plätze hinzugefügt.</p>
<p>Reservieren Sie sich schon jetzt das Datum und wenden Sie sich für weitere Informationen an Martial Perrin (079 239 02 83).</p>
<p>&nbsp;</p>

<p>Degrés I 60-70cm, degrés II 80-90cm, degrés III 100-120 cm. Le tarif est de CHF 25.- par parcours. Pour assurer une bonne organisation dans une ambiance conviviale et agréable, une préinscription est recommandée par courriel à Smile-jump@hotmail.com Inscription sur place CHF 30.-; sera ajoutée dans la limite disponible. Réservez d&rsquo;ores et déjà la date et [&hellip;]</p>

<!-- This site is optimized with the Yoast SEO plugin v27.5 - https://yoast.com/product/yoast-seo-wordpress/ -->
<title>Entraînement de saut indoor - 25 janvier 2026 - IENA</title>
<meta name="robots" content="index, follow, max-snippet:-1, max-image-preview:large, max-video-preview:-1" />
<link rel="canonical" href="https://www.iena.ch/de/events/entrainement-saut-25-01-26/" />
<meta property="og:locale" content="de_DE" />
<meta property="og:type" content="article" />
<meta property="og:title" content="Entraînement de saut indoor - 25 janvier 2026 - IENA" />
<meta property="og:description" content="Degrés I 60-70cm, degrés II 80-90cm, degrés III 100-120 cm. Le tarif est de CHF 25.- par parcours. Pour assurer une bonne organisation dans une ambiance conviviale et agréable, une préinscription est recommandée par courriel à Smile-jump@hotmail.com Inscription sur place CHF 30.-; sera ajoutée dans la limite disponible. Réservez d&rsquo;ores et déjà la date et [&hellip;]" />
<meta property="og:url" content="https://www.iena.ch/de/events/entrainement-saut-25-01-26/" />
<meta property="og:site_name" content="IENA" />
<meta property="article:publisher" content="https://www.facebook.com/iena.avenches/?locale=fr_FR" />
<meta property="article:modified_time" content="2026-01-06T10:26:10+00:00" />
<meta name="twitter:card" content="summary_large_image" />
<meta name="twitter:site" content="@iena_avenches" />
<meta name="twitter:label1" content="Geschätzte Lesezeit" />
	<meta name="twitter:data1" content="1 Minute" />
<script type="application/ld+json" class="yoast-schema-graph">{"@context":"https:\/\/schema.org","@graph":[{"@type":"WebPage","@id":"https:\/\/www.iena.ch\/events\/entrainement-saut-25-01-26\/","url":"https:\/\/www.iena.ch\/events\/entrainement-saut-25-01-26\/","name":"Entraînement de saut indoor - 25 janvier 2026 - IENA","isPartOf":{"@id":"https:\/\/www.iena.ch\/#website"},"primaryImageOfPage":{"@id":"https:\/\/www.iena.ch\/events\/entrainement-saut-25-01-26\/#primaryimage"},"image":{"@id":"https:\/\/www.iena.ch\/events\/entrainement-saut-25-01-26\/#primaryimage"},"thumbnailUrl":"","datePublished":"2025-11-26T08:06:56+00:00","dateModified":"2026-01-06T10:26:10+00:00","breadcrumb":{"@id":"https:\/\/www.iena.ch\/events\/entrainement-saut-25-01-26\/#breadcrumb"},"inLanguage":"de","potentialAction":[{"@type":"ReadAction","target":["https:\/\/www.iena.ch\/events\/entrainement-saut-25-01-26\/"]}]},{"@type":"ImageObject","inLanguage":"de","@id":"https:\/\/www.iena.ch\/events\/entrainement-saut-25-01-26\/#primaryimage","url":"","contentUrl":""},{"@type":"BreadcrumbList","@id":"https:\/\/www.iena.ch\/events\/entrainement-saut-25-01-26\/#breadcrumb","itemListElement":[{"@type":"ListItem","position":1,"name":"Accueil","item":"https:\/\/www.iena.ch\/"},{"@type":"ListItem","position":2,"name":"Évenements","item":"https:\/\/www.iena.ch\/events\/"},{"@type":"ListItem","position":3,"name":"Entraînement de saut indoor &#8211; 25 janvier 2026"}]},{"@type":"WebSite","@id":"https:\/\/www.iena.ch\/#website","url":"https:\/\/www.iena.ch\/","name":"IENA","description":"Institut Équestre National d&#039;Avenches","publisher":{"@id":"https:\/\/www.iena.ch\/#organization"},"potentialAction":[{"@type":"SearchAction","target":{"@type":"EntryPoint","urlTemplate":"https:\/\/www.iena.ch\/?s={search_term_string}"},"query-input":{"@type":"PropertyValueSpecification","valueRequired":true,"valueName":"search_term_string"}}],"inLanguage":"de"},{"@type":"Organization","@id":"https:\/\/www.iena.ch\/#organization","name":"IENA","url":"https:\/\/www.iena.ch\/","logo":{"@type":"ImageObject","inLanguage":"de","@id":"https:\/\/www.iena.ch\/#\/schema\/logo\/image\/","url":"https:\/\/www.iena.ch\/wp-content\/uploads\/2023\/08\/logo-green.png","contentUrl":"https:\/\/www.iena.ch\/wp-content\/uploads\/2023\/08\/logo-green.png","width":140,"height":78,"caption":"IENA"},"image":{"@id":"https:\/\/www.iena.ch\/#\/schema\/logo\/image\/"},"sameAs":["https:\/\/www.facebook.com\/iena.avenches\/?locale=fr_FR","https:\/\/x.com\/iena_avenches","https:\/\/www.instagram.com\/iena.avenches\/"]}]}</script>
<!-- / Yoast SEO plugin. -->

Entraînement de saut indoor - 25 janvier 2026 - IENA

Degrés I 60-70cm, degrés II 80-90cm, degrés III 100-120 cm. Le tarif est de CHF 25.- par parcours. Pour assurer une bonne organisation dans une ambiance conviviale et agréable, une préinscription est recommandée par courriel à Smile-jump@hotmail.com Inscription sur place CHF 30.-; sera ajoutée dans la limite disponible. Réservez d&rsquo;ores et déjà la date et [&hellip;]

Évenements

Entraînement de saut indoor &#8211; 25 janvier 2026

Institut Équestre National d&#039;Avenches
