{"id":48654,"date":"2023-09-26T11:06:44","date_gmt":"2023-09-26T09:06:44","guid":{"rendered":"https:\/\/www.iena.ch\/?post_type=conferences&#038;p=48654"},"modified":"2023-09-26T11:16:23","modified_gmt":"2023-09-26T09:16:23","slug":"11-juin-2022-conference-n5","status":"publish","type":"conferences","link":"https:\/\/www.iena.ch\/de\/conferences\/11-juin-2022-conference-n5\/","title":{"rendered":"11.6.2022 - KONFERENZ NR. 5"},"content":{"rendered":"<div class=\"vc_row wpb_row vc_row-fluid vc_custom_1673861181567\">\n<div class=\"full_width\">\n<div class=\"wpb_column vc_column_container vc_col-sm-12 vc_col-has-fill\">\n<div class=\"vc_column-inner vc_custom_1674563811452\">\n<div class=\"wpb_wrapper\">\n<div class=\"vc_row wpb_row vc_inner vc_row-fluid\">\n<div class=\"wpb_column vc_column_container vc_col-sm-6\">\n<div class=\"vc_column-inner\">\n<div class=\"wpb_wrapper\">\n<section class=\"vc_cta3-container\">\n<div class=\"vc_general vc_cta3 vc_cta3-style-custom vc_cta3-shape-square vc_cta3-align-left vc_cta3-icon-size-md vc_cta3-actions-bottom vc_custom_1673876253124\">\n<div class=\"vc_cta3_content-container\">\n<div class=\"vc_cta3-content\">\n<p>Die behandelten Themen:<\/p>\n<p>- Indikatoren f\u00fcr Wohlbefinden: Eine Bestandsaufnahme<br \/>\n- Zusammenh\u00e4nge zwischen Unterkunft, Arbeit und Wohlbefinden<br \/>\n- Nutzung einer App zur Bewertung der eigenen Pferde<br \/>\n- Wohlbefinden im Reitzentrum<\/p>\n<\/div>\n<p>Die Videos der Konferenz sind online<\/p>\n<\/div>\n<\/div>\n<\/section>\n<\/div>\n<\/div>\n<\/div>\n<\/div>\n<\/div>\n<\/div>\n<\/div>\n<\/div>\n<\/div>","protected":false},"featured_media":48655,"template":"","class_list":["post-48654","conferences","type-conferences","status-publish","has-post-thumbnail","hentry"],"acf":[],"yoast_head":"<!-- This site is optimized with the Yoast SEO plugin v27.5 - https:\/\/yoast.com\/product\/yoast-seo-wordpress\/ -->\n<title>11 JUIN 2022 - CONF\u00c9RENCE N\u00b05 - IENA<\/title>\n<meta name=\"robots\" content=\"index, follow, max-snippet:-1, max-image-preview:large, max-video-preview:-1\" \/>\n<link rel=\"canonical\" href=\"https:\/\/www.iena.ch\/de\/conferences\/11-juin-2022-conference-n5\/\" \/>\n<meta property=\"og:locale\" content=\"de_DE\" \/>\n<meta property=\"og:type\" content=\"article\" \/>\n<meta property=\"og:title\" content=\"11 JUIN 2022 - CONF\u00c9RENCE N\u00b05 - IENA\" \/>\n<meta property=\"og:description\" content=\"Les th\u00e8mes abord\u00e9s: \u2022 Indicateurs de bien-\u00eatre: \u00e9tat des lieux \u2022 Liens entre h\u00e9bergement, travail et bien-\u00eatre \u2022 Utilisation d\u2019une application pour \u00e9valuer ses propres chevaux \u2022 Bien-\u00eatre en centre \u00e9questre Les vid\u00e9os de la conf\u00e9rence sont en ligne\" \/>\n<meta property=\"og:url\" content=\"https:\/\/www.iena.ch\/de\/conferences\/11-juin-2022-conference-n5\/\" \/>\n<meta property=\"og:site_name\" content=\"IENA\" \/>\n<meta property=\"article:publisher\" content=\"https:\/\/www.facebook.com\/iena.avenches\/?locale=fr_FR\" \/>\n<meta property=\"article:modified_time\" content=\"2023-09-26T09:16:23+00:00\" \/>\n<meta property=\"og:image\" content=\"https:\/\/www.iena.ch\/wp-content\/uploads\/2023\/09\/5_evaluation-bien-etre.jpg\" \/>\n\t<meta property=\"og:image:width\" content=\"1181\" \/>\n\t<meta property=\"og:image:height\" content=\"787\" \/>\n\t<meta property=\"og:image:type\" content=\"image\/jpeg\" \/>\n<meta name=\"twitter:card\" content=\"summary_large_image\" \/>\n<meta name=\"twitter:site\" content=\"@iena_avenches\" \/>\n<meta name=\"twitter:label1\" content=\"Gesch\u00e4tzte Lesezeit\" \/>\n\t<meta name=\"twitter:data1\" content=\"1\u00a0Minute\" \/>\n<script type=\"application\/ld+json\" class=\"yoast-schema-graph\">{\"@context\":\"https:\\\/\\\/schema.org\",\"@graph\":[{\"@type\":\"WebPage\",\"@id\":\"https:\\\/\\\/www.iena.ch\\\/conferences\\\/11-juin-2022-conference-n5\\\/\",\"url\":\"https:\\\/\\\/www.iena.ch\\\/conferences\\\/11-juin-2022-conference-n5\\\/\",\"name\":\"11 JUIN 2022 - CONF\u00c9RENCE N\u00b05 - IENA\",\"isPartOf\":{\"@id\":\"https:\\\/\\\/www.iena.ch\\\/#website\"},\"primaryImageOfPage\":{\"@id\":\"https:\\\/\\\/www.iena.ch\\\/conferences\\\/11-juin-2022-conference-n5\\\/#primaryimage\"},\"image\":{\"@id\":\"https:\\\/\\\/www.iena.ch\\\/conferences\\\/11-juin-2022-conference-n5\\\/#primaryimage\"},\"thumbnailUrl\":\"https:\\\/\\\/www.iena.ch\\\/wp-content\\\/uploads\\\/2023\\\/09\\\/5_evaluation-bien-etre.jpg\",\"datePublished\":\"2023-09-26T09:06:44+00:00\",\"dateModified\":\"2023-09-26T09:16:23+00:00\",\"breadcrumb\":{\"@id\":\"https:\\\/\\\/www.iena.ch\\\/conferences\\\/11-juin-2022-conference-n5\\\/#breadcrumb\"},\"inLanguage\":\"de\",\"potentialAction\":[{\"@type\":\"ReadAction\",\"target\":[\"https:\\\/\\\/www.iena.ch\\\/conferences\\\/11-juin-2022-conference-n5\\\/\"]}]},{\"@type\":\"ImageObject\",\"inLanguage\":\"de\",\"@id\":\"https:\\\/\\\/www.iena.ch\\\/conferences\\\/11-juin-2022-conference-n5\\\/#primaryimage\",\"url\":\"https:\\\/\\\/www.iena.ch\\\/wp-content\\\/uploads\\\/2023\\\/09\\\/5_evaluation-bien-etre.jpg\",\"contentUrl\":\"https:\\\/\\\/www.iena.ch\\\/wp-content\\\/uploads\\\/2023\\\/09\\\/5_evaluation-bien-etre.jpg\",\"width\":1181,\"height\":787},{\"@type\":\"BreadcrumbList\",\"@id\":\"https:\\\/\\\/www.iena.ch\\\/conferences\\\/11-juin-2022-conference-n5\\\/#breadcrumb\",\"itemListElement\":[{\"@type\":\"ListItem\",\"position\":1,\"name\":\"Accueil\",\"item\":\"https:\\\/\\\/www.iena.ch\\\/\"},{\"@type\":\"ListItem\",\"position\":2,\"name\":\"11 JUIN 2022 &#8211; CONF\u00c9RENCE N\u00b05\"}]},{\"@type\":\"WebSite\",\"@id\":\"https:\\\/\\\/www.iena.ch\\\/#website\",\"url\":\"https:\\\/\\\/www.iena.ch\\\/\",\"name\":\"IENA\",\"description\":\"Institut \u00c9questre National d&#039;Avenches\",\"publisher\":{\"@id\":\"https:\\\/\\\/www.iena.ch\\\/#organization\"},\"potentialAction\":[{\"@type\":\"SearchAction\",\"target\":{\"@type\":\"EntryPoint\",\"urlTemplate\":\"https:\\\/\\\/www.iena.ch\\\/?s={search_term_string}\"},\"query-input\":{\"@type\":\"PropertyValueSpecification\",\"valueRequired\":true,\"valueName\":\"search_term_string\"}}],\"inLanguage\":\"de\"},{\"@type\":\"Organization\",\"@id\":\"https:\\\/\\\/www.iena.ch\\\/#organization\",\"name\":\"IENA\",\"url\":\"https:\\\/\\\/www.iena.ch\\\/\",\"logo\":{\"@type\":\"ImageObject\",\"inLanguage\":\"de\",\"@id\":\"https:\\\/\\\/www.iena.ch\\\/#\\\/schema\\\/logo\\\/image\\\/\",\"url\":\"https:\\\/\\\/www.iena.ch\\\/wp-content\\\/uploads\\\/2023\\\/08\\\/logo-green.png\",\"contentUrl\":\"https:\\\/\\\/www.iena.ch\\\/wp-content\\\/uploads\\\/2023\\\/08\\\/logo-green.png\",\"width\":140,\"height\":78,\"caption\":\"IENA\"},\"image\":{\"@id\":\"https:\\\/\\\/www.iena.ch\\\/#\\\/schema\\\/logo\\\/image\\\/\"},\"sameAs\":[\"https:\\\/\\\/www.facebook.com\\\/iena.avenches\\\/?locale=fr_FR\",\"https:\\\/\\\/x.com\\\/iena_avenches\",\"https:\\\/\\\/www.instagram.com\\\/iena.avenches\\\/\"]}]}<\/script>\n<!-- \/ Yoast SEO plugin. -->","yoast_head_json":{"title":"11. JUNI 2022 - KONFERENZ NR. 5 - IENA","robots":{"index":"index","follow":"follow","max-snippet":"max-snippet:-1","max-image-preview":"max-image-preview:large","max-video-preview":"max-video-preview:-1"},"canonical":"https:\/\/www.iena.ch\/de\/conferences\/11-juin-2022-conference-n5\/","og_locale":"de_DE","og_type":"article","og_title":"11 JUIN 2022 - CONF\u00c9RENCE N\u00b05 - IENA","og_description":"Les th\u00e8mes abord\u00e9s: \u2022 Indicateurs de bien-\u00eatre: \u00e9tat des lieux \u2022 Liens entre h\u00e9bergement, travail et bien-\u00eatre \u2022 Utilisation d\u2019une application pour \u00e9valuer ses propres chevaux \u2022 Bien-\u00eatre en centre \u00e9questre Les vid\u00e9os de la conf\u00e9rence sont en ligne","og_url":"https:\/\/www.iena.ch\/de\/conferences\/11-juin-2022-conference-n5\/","og_site_name":"IENA","article_publisher":"https:\/\/www.facebook.com\/iena.avenches\/?locale=fr_FR","article_modified_time":"2023-09-26T09:16:23+00:00","og_image":[{"width":1181,"height":787,"url":"https:\/\/www.iena.ch\/wp-content\/uploads\/2023\/09\/5_evaluation-bien-etre.jpg","type":"image\/jpeg"}],"twitter_card":"summary_large_image","twitter_site":"@iena_avenches","twitter_misc":{"Gesch\u00e4tzte Lesezeit":"1\u00a0Minute"},"schema":{"@context":"https:\/\/schema.org","@graph":[{"@type":"WebPage","@id":"https:\/\/www.iena.ch\/conferences\/11-juin-2022-conference-n5\/","url":"https:\/\/www.iena.ch\/conferences\/11-juin-2022-conference-n5\/","name":"11. JUNI 2022 - KONFERENZ NR. 5 - IENA","isPartOf":{"@id":"https:\/\/www.iena.ch\/#website"},"primaryImageOfPage":{"@id":"https:\/\/www.iena.ch\/conferences\/11-juin-2022-conference-n5\/#primaryimage"},"image":{"@id":"https:\/\/www.iena.ch\/conferences\/11-juin-2022-conference-n5\/#primaryimage"},"thumbnailUrl":"https:\/\/www.iena.ch\/wp-content\/uploads\/2023\/09\/5_evaluation-bien-etre.jpg","datePublished":"2023-09-26T09:06:44+00:00","dateModified":"2023-09-26T09:16:23+00:00","breadcrumb":{"@id":"https:\/\/www.iena.ch\/conferences\/11-juin-2022-conference-n5\/#breadcrumb"},"inLanguage":"de","potentialAction":[{"@type":"ReadAction","target":["https:\/\/www.iena.ch\/conferences\/11-juin-2022-conference-n5\/"]}]},{"@type":"ImageObject","inLanguage":"de","@id":"https:\/\/www.iena.ch\/conferences\/11-juin-2022-conference-n5\/#primaryimage","url":"https:\/\/www.iena.ch\/wp-content\/uploads\/2023\/09\/5_evaluation-bien-etre.jpg","contentUrl":"https:\/\/www.iena.ch\/wp-content\/uploads\/2023\/09\/5_evaluation-bien-etre.jpg","width":1181,"height":787},{"@type":"BreadcrumbList","@id":"https:\/\/www.iena.ch\/conferences\/11-juin-2022-conference-n5\/#breadcrumb","itemListElement":[{"@type":"ListItem","position":1,"name":"Accueil","item":"https:\/\/www.iena.ch\/"},{"@type":"ListItem","position":2,"name":"11 JUIN 2022 &#8211; CONF\u00c9RENCE N\u00b05"}]},{"@type":"WebSite","@id":"https:\/\/www.iena.ch\/#website","url":"https:\/\/www.iena.ch\/","name":"IENA","description":"Institut \u00c9questre National d&#039;Avenches","publisher":{"@id":"https:\/\/www.iena.ch\/#organization"},"potentialAction":[{"@type":"SearchAction","target":{"@type":"EntryPoint","urlTemplate":"https:\/\/www.iena.ch\/?s={search_term_string}"},"query-input":{"@type":"PropertyValueSpecification","valueRequired":true,"valueName":"search_term_string"}}],"inLanguage":"de"},{"@type":"Organization","@id":"https:\/\/www.iena.ch\/#organization","name":"IENA","url":"https:\/\/www.iena.ch\/","logo":{"@type":"ImageObject","inLanguage":"de","@id":"https:\/\/www.iena.ch\/#\/schema\/logo\/image\/","url":"https:\/\/www.iena.ch\/wp-content\/uploads\/2023\/08\/logo-green.png","contentUrl":"https:\/\/www.iena.ch\/wp-content\/uploads\/2023\/08\/logo-green.png","width":140,"height":78,"caption":"IENA"},"image":{"@id":"https:\/\/www.iena.ch\/#\/schema\/logo\/image\/"},"sameAs":["https:\/\/www.facebook.com\/iena.avenches\/?locale=fr_FR","https:\/\/x.com\/iena_avenches","https:\/\/www.instagram.com\/iena.avenches\/"]}]}},"_links":{"self":[{"href":"https:\/\/www.iena.ch\/de\/wp-json\/wp\/v2\/conferences\/48654","targetHints":{"allow":["GET"]}}],"collection":[{"href":"https:\/\/www.iena.ch\/de\/wp-json\/wp\/v2\/conferences"}],"about":[{"href":"https:\/\/www.iena.ch\/de\/wp-json\/wp\/v2\/types\/conferences"}],"wp:featuredmedia":[{"embeddable":true,"href":"https:\/\/www.iena.ch\/de\/wp-json\/wp\/v2\/media\/48655"}],"wp:attachment":[{"href":"https:\/\/www.iena.ch\/de\/wp-json\/wp\/v2\/media?parent=48654"}],"curies":[{"name":"wp","href":"https:\/\/api.w.org\/{rel}","templated":true}]}}

<div class="vc_row wpb_row vc_row-fluid vc_custom_1673861181567">
<div class="full_width">
<div class="wpb_column vc_column_container vc_col-sm-12 vc_col-has-fill">
<div class="vc_column-inner vc_custom_1674563811452">
<div class="wpb_wrapper">
<div class="vc_row wpb_row vc_inner vc_row-fluid">
<div class="wpb_column vc_column_container vc_col-sm-6">
<div class="vc_column-inner">
<div class="wpb_wrapper">
<section class="vc_cta3-container">
<div class="vc_general vc_cta3 vc_cta3-style-custom vc_cta3-shape-square vc_cta3-align-left vc_cta3-icon-size-md vc_cta3-actions-bottom vc_custom_1673876253124">
<div class="vc_cta3_content-container">
<div class="vc_cta3-content">
<p>Die behandelten Themen:</p>
<p>- Indikatoren für Wohlbefinden: Eine Bestandsaufnahme<br />
- Zusammenhänge zwischen Unterkunft, Arbeit und Wohlbefinden<br />
- Nutzung einer App zur Bewertung der eigenen Pferde<br />
- Wohlbefinden im Reitzentrum</p>
</div>
<p>Die Videos der Konferenz sind online</p>
</div>
</div>
</section>
</div>
</div>
</div>
</div>
</div>
</div>
</div>
</div>
</div>

<!-- This site is optimized with the Yoast SEO plugin v27.5 - https://yoast.com/product/yoast-seo-wordpress/ -->
<title>11 JUIN 2022 - CONFÉRENCE N°5 - IENA</title>
<meta name="robots" content="index, follow, max-snippet:-1, max-image-preview:large, max-video-preview:-1" />
<link rel="canonical" href="https://www.iena.ch/de/conferences/11-juin-2022-conference-n5/" />
<meta property="og:locale" content="de_DE" />
<meta property="og:type" content="article" />
<meta property="og:title" content="11 JUIN 2022 - CONFÉRENCE N°5 - IENA" />
<meta property="og:description" content="Les thèmes abordés: • Indicateurs de bien-être: état des lieux • Liens entre hébergement, travail et bien-être • Utilisation d’une application pour évaluer ses propres chevaux • Bien-être en centre équestre Les vidéos de la conférence sont en ligne" />
<meta property="og:url" content="https://www.iena.ch/de/conferences/11-juin-2022-conference-n5/" />
<meta property="og:site_name" content="IENA" />
<meta property="article:publisher" content="https://www.facebook.com/iena.avenches/?locale=fr_FR" />
<meta property="article:modified_time" content="2023-09-26T09:16:23+00:00" />
<meta property="og:image" content="https://www.iena.ch/wp-content/uploads/2023/09/5_evaluation-bien-etre.jpg" />
	<meta property="og:image:width" content="1181" />
	<meta property="og:image:height" content="787" />
	<meta property="og:image:type" content="image/jpeg" />
<meta name="twitter:card" content="summary_large_image" />
<meta name="twitter:site" content="@iena_avenches" />
<meta name="twitter:label1" content="Geschätzte Lesezeit" />
	<meta name="twitter:data1" content="1 Minute" />
<script type="application/ld+json" class="yoast-schema-graph">{"@context":"https:\/\/schema.org","@graph":[{"@type":"WebPage","@id":"https:\/\/www.iena.ch\/conferences\/11-juin-2022-conference-n5\/","url":"https:\/\/www.iena.ch\/conferences\/11-juin-2022-conference-n5\/","name":"11 JUIN 2022 - CONFÉRENCE N°5 - IENA","isPartOf":{"@id":"https:\/\/www.iena.ch\/#website"},"primaryImageOfPage":{"@id":"https:\/\/www.iena.ch\/conferences\/11-juin-2022-conference-n5\/#primaryimage"},"image":{"@id":"https:\/\/www.iena.ch\/conferences\/11-juin-2022-conference-n5\/#primaryimage"},"thumbnailUrl":"https:\/\/www.iena.ch\/wp-content\/uploads\/2023\/09\/5_evaluation-bien-etre.jpg","datePublished":"2023-09-26T09:06:44+00:00","dateModified":"2023-09-26T09:16:23+00:00","breadcrumb":{"@id":"https:\/\/www.iena.ch\/conferences\/11-juin-2022-conference-n5\/#breadcrumb"},"inLanguage":"de","potentialAction":[{"@type":"ReadAction","target":["https:\/\/www.iena.ch\/conferences\/11-juin-2022-conference-n5\/"]}]},{"@type":"ImageObject","inLanguage":"de","@id":"https:\/\/www.iena.ch\/conferences\/11-juin-2022-conference-n5\/#primaryimage","url":"https:\/\/www.iena.ch\/wp-content\/uploads\/2023\/09\/5_evaluation-bien-etre.jpg","contentUrl":"https:\/\/www.iena.ch\/wp-content\/uploads\/2023\/09\/5_evaluation-bien-etre.jpg","width":1181,"height":787},{"@type":"BreadcrumbList","@id":"https:\/\/www.iena.ch\/conferences\/11-juin-2022-conference-n5\/#breadcrumb","itemListElement":[{"@type":"ListItem","position":1,"name":"Accueil","item":"https:\/\/www.iena.ch\/"},{"@type":"ListItem","position":2,"name":"11 JUIN 2022 &#8211; CONFÉRENCE N°5"}]},{"@type":"WebSite","@id":"https:\/\/www.iena.ch\/#website","url":"https:\/\/www.iena.ch\/","name":"IENA","description":"Institut Équestre National d&#039;Avenches","publisher":{"@id":"https:\/\/www.iena.ch\/#organization"},"potentialAction":[{"@type":"SearchAction","target":{"@type":"EntryPoint","urlTemplate":"https:\/\/www.iena.ch\/?s={search_term_string}"},"query-input":{"@type":"PropertyValueSpecification","valueRequired":true,"valueName":"search_term_string"}}],"inLanguage":"de"},{"@type":"Organization","@id":"https:\/\/www.iena.ch\/#organization","name":"IENA","url":"https:\/\/www.iena.ch\/","logo":{"@type":"ImageObject","inLanguage":"de","@id":"https:\/\/www.iena.ch\/#\/schema\/logo\/image\/","url":"https:\/\/www.iena.ch\/wp-content\/uploads\/2023\/08\/logo-green.png","contentUrl":"https:\/\/www.iena.ch\/wp-content\/uploads\/2023\/08\/logo-green.png","width":140,"height":78,"caption":"IENA"},"image":{"@id":"https:\/\/www.iena.ch\/#\/schema\/logo\/image\/"},"sameAs":["https:\/\/www.facebook.com\/iena.avenches\/?locale=fr_FR","https:\/\/x.com\/iena_avenches","https:\/\/www.instagram.com\/iena.avenches\/"]}]}</script>
<!-- / Yoast SEO plugin. -->

11 JUIN 2022 - CONFÉRENCE N°5 - IENA

Les thèmes abordés: • Indicateurs de bien-être: état des lieux • Liens entre hébergement, travail et bien-être • Utilisation d’une application pour évaluer ses propres chevaux • Bien-être en centre équestre Les vidéos de la conférence sont en ligne

11 JUIN 2022 &#8211; CONFÉRENCE N°5

Institut Équestre National d&#039;Avenches
